{"id":419,"date":"2026-03-31T11:48:53","date_gmt":"2026-03-31T09:48:53","guid":{"rendered":"http:\/\/dkpartner.in\/index.php\/contact\/"},"modified":"2026-04-17T15:33:00","modified_gmt":"2026-04-17T13:33:00","slug":"contact","status":"publish","type":"page","link":"https:\/\/dkpartner.in\/index.php\/contact\/","title":{"rendered":"Contact"},"content":{"rendered":"<style>.kb-row-layout-id419_a55326-a3 > .kt-row-column-wrap{align-content:start;}:where(.kb-row-layout-id419_a55326-a3 > .kt-row-column-wrap) > .wp-block-kadence-column{justify-content:start;}.kb-row-layout-id419_a55326-a3 > .kt-row-column-wrap{column-gap:var(--global-kb-gap-md, 2rem);row-gap:var(--global-kb-gap-md, 2rem);max-width:var( --global-content-width, 1475px );padding-left:var(--global-content-edge-padding);padding-right:var(--global-content-edge-padding);padding-bottom:var(--global-kb-spacing-xs, 1rem);grid-template-columns:minmax(0, 1fr);}.kb-row-layout-id419_a55326-a3 > .kt-row-layout-overlay{opacity:0.30;}@media all and (max-width: 1024px){.kb-row-layout-id419_a55326-a3 > .kt-row-column-wrap{grid-template-columns:minmax(0, 1fr);}}@media all and (max-width: 767px){.kb-row-layout-id419_a55326-a3 > .kt-row-column-wrap{grid-template-columns:minmax(0, 1fr);}}<\/style><div class=\"kb-row-layout-wrap kb-row-layout-id419_a55326-a3 alignfull has-theme-palette9-background-color kt-row-has-bg wp-block-kadence-rowlayout\"><div class=\"kt-row-column-wrap kt-has-1-columns kt-row-layout-equal kt-tab-layout-inherit kt-mobile-layout-row kt-row-valign-top kb-theme-content-width\">\n<style>.kadence-column419_ee52c5-4c > .kt-inside-inner-col,.kadence-column419_ee52c5-4c > .kt-inside-inner-col:before{border-top-left-radius:0px;border-top-right-radius:0px;border-bottom-right-radius:0px;border-bottom-left-radius:0px;}.kadence-column419_ee52c5-4c > .kt-inside-inner-col{column-gap:var(--global-kb-gap-sm, 1rem);}.kadence-column419_ee52c5-4c > .kt-inside-inner-col{flex-direction:column;}.kadence-column419_ee52c5-4c > .kt-inside-inner-col > .aligncenter{width:100%;}.kadence-column419_ee52c5-4c > .kt-inside-inner-col:before{opacity:0.3;}.kadence-column419_ee52c5-4c{position:relative;}@media all and (max-width: 1024px){.kadence-column419_ee52c5-4c > .kt-inside-inner-col{flex-direction:column;justify-content:center;}}@media all and (max-width: 767px){.kadence-column419_ee52c5-4c > .kt-inside-inner-col{flex-direction:column;justify-content:center;}}<\/style>\n<div class=\"wp-block-kadence-column kadence-column419_ee52c5-4c\"><div class=\"kt-inside-inner-col\"><style>.wp-block-kadence-advancedheading.kt-adv-heading419_de6b10-13, .wp-block-kadence-advancedheading.kt-adv-heading419_de6b10-13[data-kb-block=\"kb-adv-heading419_de6b10-13\"]{text-align:center;font-size:var(--global-kb-font-size-xl, 3rem);font-style:normal;}.wp-block-kadence-advancedheading.kt-adv-heading419_de6b10-13 mark.kt-highlight, .wp-block-kadence-advancedheading.kt-adv-heading419_de6b10-13[data-kb-block=\"kb-adv-heading419_de6b10-13\"] mark.kt-highlight{font-style:normal;color:#f76a0c;-webkit-box-decoration-break:clone;box-decoration-break:clone;padding-top:0px;padding-right:0px;padding-bottom:0px;padding-left:0px;}.wp-block-kadence-advancedheading.kt-adv-heading419_de6b10-13 img.kb-inline-image, .wp-block-kadence-advancedheading.kt-adv-heading419_de6b10-13[data-kb-block=\"kb-adv-heading419_de6b10-13\"] img.kb-inline-image{width:150px;vertical-align:baseline;}<\/style>\n<h2 class=\"kt-adv-heading419_de6b10-13 wp-block-kadence-advancedheading has-theme-palette-3-color has-text-color has-theme-palette-9-background-color has-background\" data-kb-block=\"kb-adv-heading419_de6b10-13\">Contact<\/h2>\n<\/div><\/div>\n\n<\/div><\/div>\n\n<style>.kb-row-layout-id419_101514-11 > .kt-row-column-wrap{align-content:center;}:where(.kb-row-layout-id419_101514-11 > .kt-row-column-wrap) > .wp-block-kadence-column{justify-content:center;}.kb-row-layout-id419_101514-11 > .kt-row-column-wrap{column-gap:var(--global-kb-gap-lg, 4rem);row-gap:var(--global-kb-gap-md, 2rem);max-width:var( --global-content-width, 1475px );padding-left:var(--global-content-edge-padding);padding-right:var(--global-content-edge-padding);grid-template-columns:repeat(2, minmax(0, 1fr));}.kb-row-layout-id419_101514-11 > .kt-row-layout-overlay{opacity:0.30;}.kb-row-layout-id419_101514-11 a{color:var(--global-palette3, #1A202C);}.kb-row-layout-id419_101514-11 a:hover{color:var(--global-palette4, #2D3748);}@media all and (max-width: 1024px){.kb-row-layout-id419_101514-11 > .kt-row-column-wrap{padding-bottom:var(--global-kb-spacing-xl, 4rem);grid-template-columns:minmax(0, 1fr);}}@media all and (max-width: 767px){.kb-row-layout-id419_101514-11 > .kt-row-column-wrap{grid-template-columns:minmax(0, 1fr);}}<\/style><div class=\"kb-row-layout-wrap kb-row-layout-id419_101514-11 alignfull has-theme-palette9-background-color kt-row-has-bg wp-block-kadence-rowlayout\"><div class=\"kt-row-column-wrap kt-has-2-columns kt-row-layout-equal kt-tab-layout-row kt-mobile-layout-row kt-row-valign-middle kb-theme-content-width\">\n<style>.kadence-column419_17635d-48 > .kt-inside-inner-col,.kadence-column419_17635d-48 > .kt-inside-inner-col:before{border-top-left-radius:0px;border-top-right-radius:0px;border-bottom-right-radius:0px;border-bottom-left-radius:0px;}.kadence-column419_17635d-48 > .kt-inside-inner-col{column-gap:var(--global-kb-gap-sm, 1rem);}.kadence-column419_17635d-48 > .kt-inside-inner-col{flex-direction:column;}.kadence-column419_17635d-48 > .kt-inside-inner-col > .aligncenter{width:100%;}.kadence-column419_17635d-48 > .kt-inside-inner-col:before{opacity:0.3;}.kadence-column419_17635d-48{position:relative;}@media all and (max-width: 1024px){.kadence-column419_17635d-48 > .kt-inside-inner-col{flex-direction:column;justify-content:center;}}@media all and (max-width: 767px){.kadence-column419_17635d-48 > .kt-inside-inner-col{flex-direction:column;justify-content:center;}}<\/style>\n<div class=\"wp-block-kadence-column kadence-column419_17635d-48\"><div class=\"kt-inside-inner-col\"><style>.wp-block-kadence-advancedheading.kt-adv-heading419_ff7f7b-31, .wp-block-kadence-advancedheading.kt-adv-heading419_ff7f7b-31[data-kb-block=\"kb-adv-heading419_ff7f7b-31\"]{margin-bottom:var(--global-kb-spacing-xxs, 0.5rem);font-size:var(--global-kb-font-size-lg, 2rem);line-height:1.2;font-style:normal;}.wp-block-kadence-advancedheading.kt-adv-heading419_ff7f7b-31 mark.kt-highlight, .wp-block-kadence-advancedheading.kt-adv-heading419_ff7f7b-31[data-kb-block=\"kb-adv-heading419_ff7f7b-31\"] mark.kt-highlight{font-style:normal;color:#f76a0c;-webkit-box-decoration-break:clone;box-decoration-break:clone;padding-top:0px;padding-right:0px;padding-bottom:0px;padding-left:0px;}.wp-block-kadence-advancedheading.kt-adv-heading419_ff7f7b-31 img.kb-inline-image, .wp-block-kadence-advancedheading.kt-adv-heading419_ff7f7b-31[data-kb-block=\"kb-adv-heading419_ff7f7b-31\"] img.kb-inline-image{width:150px;vertical-align:baseline;}<\/style>\n<h2 class=\"kt-adv-heading419_ff7f7b-31 wp-block-kadence-advancedheading has-theme-palette-3-color has-text-color\" data-kb-block=\"kb-adv-heading419_ff7f7b-31\">DK Partner HR Consulting Private Limited<\/h2>\n\n\n<style>.wp-block-kadence-advancedheading.kt-adv-heading419_63df22-86, .wp-block-kadence-advancedheading.kt-adv-heading419_63df22-86[data-kb-block=\"kb-adv-heading419_63df22-86\"]{font-style:normal;}.wp-block-kadence-advancedheading.kt-adv-heading419_63df22-86 mark.kt-highlight, .wp-block-kadence-advancedheading.kt-adv-heading419_63df22-86[data-kb-block=\"kb-adv-heading419_63df22-86\"] mark.kt-highlight{font-style:normal;color:#f76a0c;-webkit-box-decoration-break:clone;box-decoration-break:clone;padding-top:0px;padding-right:0px;padding-bottom:0px;padding-left:0px;}.wp-block-kadence-advancedheading.kt-adv-heading419_63df22-86 img.kb-inline-image, .wp-block-kadence-advancedheading.kt-adv-heading419_63df22-86[data-kb-block=\"kb-adv-heading419_63df22-86\"] img.kb-inline-image{width:150px;vertical-align:baseline;}<\/style>\n<div class=\"kt-adv-heading419_63df22-86 wp-block-kadence-advancedheading has-theme-palette-3-color has-text-color\" data-kb-block=\"kb-adv-heading419_63df22-86\">D block, 791 10th main, Jss college road, JP Nagar, <\/div>\n\n\n\n<p>Mysuru, Karnataka 570031, Indie<\/p>\n\n\n\n<p>E-mail adress: indie@dkpartner.pl <br>Telephone: 8197133971<br><br>PAN: AAFCL4078H<br>CIN: V78100KA2023PTC173700<br>GSTIN: 29AAFCL4078H1Z6<\/p>\n<\/div><\/div>\n\n\n<style>.kadence-column419_c1f7a0-76 > .kt-inside-inner-col,.kadence-column419_c1f7a0-76 > .kt-inside-inner-col:before{border-top-left-radius:0px;border-top-right-radius:0px;border-bottom-right-radius:0px;border-bottom-left-radius:0px;}.kadence-column419_c1f7a0-76 > .kt-inside-inner-col{column-gap:var(--global-kb-gap-sm, 1rem);}.kadence-column419_c1f7a0-76 > .kt-inside-inner-col{flex-direction:column;}.kadence-column419_c1f7a0-76 > .kt-inside-inner-col > .aligncenter{width:100%;}.kadence-column419_c1f7a0-76 > .kt-inside-inner-col:before{opacity:0.3;}.kadence-column419_c1f7a0-76{position:relative;}@media all and (max-width: 1024px){.kadence-column419_c1f7a0-76 > .kt-inside-inner-col{flex-direction:column;justify-content:center;}}@media all and (max-width: 767px){.kadence-column419_c1f7a0-76 > .kt-inside-inner-col{flex-direction:column;justify-content:center;}}<\/style>\n<div class=\"wp-block-kadence-column kadence-column419_c1f7a0-76\"><div class=\"kt-inside-inner-col\"><style>.kb-google-maps-container419_8f3830-9c{height:584px;}<\/style><div class=\"kb-google-maps-container kb-google-maps-container419_8f3830-9c  wp-block-kadence-googlemaps\" data-mapid=\"419_8f38309c\"><iframe width=\"100%\" height=\"100%\"\n\t\t\t\t\t\t\tstyle=\"border:0\" loading=\"lazy\"\n\t\t\t\t\t\t\tsrc=\"https:\/\/www.google.com\/maps\/embed\/v1\/place?key=AIzaSyBAM2o7PiQqwk15LC1XRH2e_KJ-jUa7KYk&#038;zoom=11&#038;maptype=roadmap&#038;q=D+block%2C+791+10th+main%2C+Jss+college+road%2C+JP+Nagar%2C+Mysuru%2C+Karnataka+570031%2C+Indie\"\n\t\t\t\t\t\t\ttitle=\"Mapa Google D block, 791 10th main, Jss college road, JP Nagar, Mysuru, Karnataka 570031, Indie\"><\/iframe><\/div><script>function kb_google_map419_8f38309c() { let center = { lat: 37.8201, lng: -122.4781}; let map = new google.maps.Map(document.getElementById(\"kb-google-map419_8f38309c\"), {\n\t\t\t\t\t    zoom: 11,\n\t\t\t\t\t    center: center,});let marker = new google.maps.Marker({   position: { lat: 37.8201, lng: -122.4781},    map: map,  });}<\/script><\/div><\/div>\n\n<\/div><\/div>\n\n<style>.kb-row-layout-id419_8a2da7-71 > .kt-row-column-wrap{align-content:start;}:where(.kb-row-layout-id419_8a2da7-71 > .kt-row-column-wrap) > .wp-block-kadence-column{justify-content:start;}.kb-row-layout-id419_8a2da7-71 > .kt-row-column-wrap{column-gap:var(--global-kb-gap-md, 2rem);row-gap:var(--global-kb-gap-md, 2rem);max-width:960px;margin-left:auto;margin-right:auto;padding-top:var(--global-kb-spacing-xl, 4rem);padding-bottom:var(--global-kb-spacing-xl, 4rem);grid-template-columns:minmax(0, 1fr);}.kb-row-layout-id419_8a2da7-71 > .kt-row-layout-overlay{opacity:0.30;}@media all and (max-width: 1024px){.kb-row-layout-id419_8a2da7-71 > .kt-row-column-wrap{grid-template-columns:minmax(0, 1fr);}}@media all and (max-width: 767px){.kb-row-layout-id419_8a2da7-71 > .kt-row-column-wrap{grid-template-columns:minmax(0, 1fr);}}<\/style><div class=\"kb-row-layout-wrap kb-row-layout-id419_8a2da7-71 alignfull has-theme-palette9-background-color kt-row-has-bg wp-block-kadence-rowlayout\"><div class=\"kt-row-column-wrap kt-has-1-columns kt-row-layout-equal kt-tab-layout-inherit kt-mobile-layout-row kt-row-valign-top\">\n<style>.kadence-column419_5a760c-54 > .kt-inside-inner-col,.kadence-column419_5a760c-54 > .kt-inside-inner-col:before{border-top-left-radius:0px;border-top-right-radius:0px;border-bottom-right-radius:0px;border-bottom-left-radius:0px;}.kadence-column419_5a760c-54 > .kt-inside-inner-col{column-gap:var(--global-kb-gap-sm, 1rem);}.kadence-column419_5a760c-54 > .kt-inside-inner-col{flex-direction:column;}.kadence-column419_5a760c-54 > .kt-inside-inner-col > .aligncenter{width:100%;}.kadence-column419_5a760c-54 > .kt-inside-inner-col:before{opacity:0.3;}.kadence-column419_5a760c-54{position:relative;}@media all and (max-width: 1024px){.kadence-column419_5a760c-54 > .kt-inside-inner-col{flex-direction:column;justify-content:center;}}@media all and (max-width: 767px){.kadence-column419_5a760c-54 > .kt-inside-inner-col{flex-direction:column;justify-content:center;}}<\/style>\n<div class=\"wp-block-kadence-column kadence-column419_5a760c-54\"><div class=\"kt-inside-inner-col\"><style>.wp-block-kadence-advancedheading.kt-adv-heading419_2f8610-f1, .wp-block-kadence-advancedheading.kt-adv-heading419_2f8610-f1[data-kb-block=\"kb-adv-heading419_2f8610-f1\"]{max-width:70%;margin-right:auto;margin-left:auto;margin-bottom:var(--global-kb-spacing-xl, 4rem);text-align:center;font-size:40px;line-height:1.4;font-style:normal;}.wp-block-kadence-advancedheading.kt-adv-heading419_2f8610-f1 mark.kt-highlight, .wp-block-kadence-advancedheading.kt-adv-heading419_2f8610-f1[data-kb-block=\"kb-adv-heading419_2f8610-f1\"] mark.kt-highlight{font-style:normal;color:#f76a0c;-webkit-box-decoration-break:clone;box-decoration-break:clone;padding-top:0px;padding-right:0px;padding-bottom:0px;padding-left:0px;}.wp-block-kadence-advancedheading.kt-adv-heading419_2f8610-f1 img.kb-inline-image, .wp-block-kadence-advancedheading.kt-adv-heading419_2f8610-f1[data-kb-block=\"kb-adv-heading419_2f8610-f1\"] img.kb-inline-image{width:150px;vertical-align:baseline;}@media all and (max-width: 1024px){.wp-block-kadence-advancedheading.kt-adv-heading419_2f8610-f1, .wp-block-kadence-advancedheading.kt-adv-heading419_2f8610-f1[data-kb-block=\"kb-adv-heading419_2f8610-f1\"]{max-width:80%;font-size:36px;}}@media all and (max-width: 767px){.wp-block-kadence-advancedheading.kt-adv-heading419_2f8610-f1, .wp-block-kadence-advancedheading.kt-adv-heading419_2f8610-f1[data-kb-block=\"kb-adv-heading419_2f8610-f1\"]{max-width:100%;font-size:28px;}}<\/style>\n<h2 class=\"kt-adv-heading419_2f8610-f1 mw900 wp-block-kadence-advancedheading has-theme-palette-3-color has-text-color\" data-kb-block=\"kb-adv-heading419_2f8610-f1\">Contact Us<\/h2>\n\n\n<style>.kadence-form-419_9e516e-dd .kb-form .kadence-blocks-form-field label .required{color:var(--global-palette2, #2B6CB0);}.kadence-form-419_9e516e-dd .kb-form .kadence-blocks-form-field .kb-text-style-field, .kadence-form-419_9e516e-dd .kb-form .kadence-blocks-form-field .kb-select-style-field{color:var(--global-palette2, #2B6CB0);border-radius:0px;border-width:2px 2px 2px 2px;background:var(--global-palette7, #EDF2F7);border-color:var(--global-palette2, #2B6CB0);}.kadence-form-419_9e516e-dd .kb-form .kadence-blocks-form-field > label{color:var(--global-palette2, #2B6CB0);font-size:20px;line-height:23.46px;}.kadence-form-419_9e516e-dd .kb-form .kadence-blocks-form-field.kb-accept-form-field .kb-checkbox-style{font-size:23.46px;height:1em;}.kadence-form-419_9e516e-dd .kb-form .kadence-blocks-form-field .kb-forms-submit{color:#ffffff;border-radius:0px;background:var(--global-palette2, #2B6CB0);}.kadence-form-419_9e516e-dd .kb-form .kadence-blocks-form-field .kb-forms-submit:hover, .kadence-form-419_9e516e-dd .kb-form .kadence-blocks-form-field .kb-forms-submit:focus {background:rgba(37, 59, 53, 0.88);}.kadence-form-419_9e516e-dd .kb-form .kadence-blocks-form-field .kb-forms-submit{line-height:35px;}.kb-form input.kadence-blocks-field.verify{opacity:0.0;position:absolute;top:0.0;left:0.0;width:0.0;height:0.0;z-index:-1;}<\/style>\n<div class=\"wp-block-kadence-form kadence-form-419_9e516e-dd kb-form-wrap\"><form class=\"kb-form\" action=\"\" method=\"post\"><div class=\"kadence-blocks-form-field kb-field-desk-width-100 kb-input-size-standard\"><label for=\"kb_field_419_9e516e-dd_0\">Name<\/label><input name=\"kb_field_0\" id=\"kb_field_419_9e516e-dd_0\" data-label=\"Name\" type=\"text\" placeholder=\"\" value=\"\" data-type=\"text\" class=\"kb-field kb-text-style-field kb-text-field kb-field-0\"\/><\/div><div class=\"kadence-blocks-form-field kb-form-field-1 kb-field-desk-width-100 kb-input-size-standard\"><label for=\"kb_field_419_9e516e-dd_1\">Email<span class=\"required\">*<\/span><\/label><input name=\"kb_field_1\" id=\"kb_field_419_9e516e-dd_1\" data-label=\"Email\" type=\"email\" placeholder=\"\" value=\"\" data-type=\"email\" class=\"kb-field kb-text-style-field kb-email-field kb-field-1\" data-required=\"yes\"\/><\/div><div class=\"kadence-blocks-form-field kb-form-field-2 kb-field-desk-width-100 kb-input-size-standard\"><label for=\"kb_field_419_9e516e-dd_2\">Message<span class=\"required\">*<\/span><\/label><textarea name=\"kb_field_2\" id=\"kb_field_419_9e516e-dd_2\" data-label=\"Message\" type=\"textarea\" placeholder=\"\" data-type=\"textarea\" class=\"kb-field kb-text-style-field kb-textarea-field kb-field-2\" rows=\"4\" data-required=\"yes\"><\/textarea><\/div><input type=\"hidden\" name=\"_kb_form_id\" value=\"419_9e516e-dd\"\/><input type=\"hidden\" name=\"_kb_form_post_id\" value=\"419\"\/><input type=\"hidden\" name=\"action\" value=\"kb_process_ajax_submit\"\/><label class=\"kadence-verify-label\">Email<input class=\"kadence-blocks-field verify\" type=\"text\" name=\"_kb_verify_email\" autocomplete=\"new-password\" aria-hidden=\"true\" placeholder=\"Email\" tabindex=\"-1\" data-1p-ignore=\"true\" data-lpignore=\"true\" \/><\/label><div class=\"kadence-blocks-form-field kb-submit-field kb-field-desk-width-100\"><button class=\"kb-forms-submit button kb-button-size-standard kb-button-width-full\">Submit<\/button><\/div><\/form><\/div>\n<noscript><div class=\"kadence-blocks-form-message kadence-blocks-form-warning\">Aby przes\u0142a\u0107 formularz, w\u0142\u0105cz obs\u0142ug\u0119 JavaScript w przegl\u0105darce<\/div><style>.kadence-form-419_9e516e-dd .kadence-blocks-form-field.kb-submit-field { display: none; }<\/style><\/noscript><\/div><\/div>\n\n<\/div><\/div>\n\n\n<p><\/p>\n","protected":false},"excerpt":{"rendered":"<p>Contact DK Partner HR Consulting Private Limited D block, 791 10th main, Jss college road, JP Nagar, Mysuru, Karnataka 570031, Indie E-mail adress: indie@dkpartner.pl Telephone: 8197133971 PAN: AAFCL4078HCIN: V78100KA2023PTC173700GSTIN: 29AAFCL4078H1Z6 Contact Us<\/p>\n","protected":false},"author":2,"featured_media":0,"parent":0,"menu_order":0,"comment_status":"closed","ping_status":"closed","template":"","meta":{"_acf_changed":false,"_kadence_starter_templates_imported_post":true,"_kad_post_transparent":"","_kad_post_title":"hide","_kad_post_layout":"fullwidth","_kad_post_sidebar_id":"","_kad_post_content_style":"unboxed","_kad_post_vertical_padding":"hide","_kad_post_feature":"hide","_kad_post_feature_position":"","_kad_post_header":false,"_kad_post_footer":false,"_kad_post_classname":"","footnotes":""},"class_list":["post-419","page","type-page","status-publish","hentry"],"acf":[],"_links":{"self":[{"href":"https:\/\/dkpartner.in\/index.php\/wp-json\/wp\/v2\/pages\/419","targetHints":{"allow":["GET"]}}],"collection":[{"href":"https:\/\/dkpartner.in\/index.php\/wp-json\/wp\/v2\/pages"}],"about":[{"href":"https:\/\/dkpartner.in\/index.php\/wp-json\/wp\/v2\/types\/page"}],"author":[{"embeddable":true,"href":"https:\/\/dkpartner.in\/index.php\/wp-json\/wp\/v2\/users\/2"}],"replies":[{"embeddable":true,"href":"https:\/\/dkpartner.in\/index.php\/wp-json\/wp\/v2\/comments?post=419"}],"version-history":[{"count":5,"href":"https:\/\/dkpartner.in\/index.php\/wp-json\/wp\/v2\/pages\/419\/revisions"}],"predecessor-version":[{"id":578,"href":"https:\/\/dkpartner.in\/index.php\/wp-json\/wp\/v2\/pages\/419\/revisions\/578"}],"wp:attachment":[{"href":"https:\/\/dkpartner.in\/index.php\/wp-json\/wp\/v2\/media?parent=419"}],"curies":[{"name":"wp","href":"https:\/\/api.w.org\/{rel}","templated":true}]}}